 322316.
76
Calculate the highest common factor of 229639074 and 30.
6
Calculate the highest common factor of 336 and 85777440.
336
What is the greatest common factor of 63073450 and 325?
25
Calculate the highest common divisor of 1269928 and 14256.
88
Calculate the highest common divisor of 40732 and 361556.
68
Calculate the greatest common factor of 2420045 and 42734.
929
Calculate the greatest common divisor of 5634835 and 574.
41
What is the greatest common factor of 35 and 131785227?
7
Calculate the greatest common divisor of 1110 and 29347845.
555
What is the greatest common factor of 3654 and 102249882?
3654
What is the greatest common divisor of 232481452 and 4753?
679
What is the highest common factor of 66512 and 846496?
16
What is the greatest common factor of 4138057 and 389851?
4697
Calculate the greatest common divisor of 68447421 and 42.
21
Calculate the greatest common factor of 145656015 and 10425.
2085
Calculate the highest common divisor of 2587 and 464665.
199
What is the highest common factor of 524 and 499367677?
131
What is the highest common divisor of 45576 and 21732156?
7596
What is the greatest common divisor of 8 and 3036804712?
8
What is the highest common factor of 162925120 and 22220?
2020
Calculate the greatest common factor of 31768 and 1822414.
22
Calculate the greatest common factor of 16866046 and 1592.
398
Calculate the greatest common divisor of 8687 and 417707.
17
Calculate the highest common factor of 39 and 260672997.
39
Calculate the highest common factor of 691600 and 2413775.
2275
Calculate the greatest common divisor of 110378230 and 13960.
3490
What is the greatest common divisor of 60 and 250794255?
15
Calculate the greatest common factor of 371433144 and 13472.
3368
What is the highest common divisor of 6 and 291034566?
6
What is the greatest common factor of 2144 and 2144?
2144
Calculate the greatest common factor of 656550 and 16200.
450
Calculate the greatest common factor of 24414567 and 1816161.
12189
What is the greatest common factor of 6669 and 5011877?
247
What is the highest common divisor of 4438677 and 75?
3
Calculate the greatest common factor of 3584 and 42524.
4
What is the greatest common factor of 5643508 and 156?
52
What is the greatest common factor of 9482785 and 377?
13
What is the greatest common divisor of 5025836 and 97366?
1094
What is the highest common divisor of 8060 and 78026?
26
What is the highest common divisor of 44016383 and 357?
17
What is the highest common factor of 1898470 and 13370?
70
Calculate the highest common divisor of 43764987 and 42483.
2499
What is the greatest common factor of 17760 and 184839975?
555
Calculate the highest common factor of 691415725 and 539.
539
What is the greatest common factor of 83295913 and 53?
53
What is the highest common divisor of 13279 and 463295?
49
Calculate the highest common divisor of 173661726 and 630.
42
Calculate the highest common factor of 3572251 and 12961.
997
Calculate the highest common divisor of 56 and 1904767354.
14
Calculate the highest common divisor of 226 and 97608948.
226
What is the greatest common divisor of 648850 and 40850?
950
Calculate the highest common divisor of 44335137 and 8437.
649
What is the highest common factor of 600 and 6541200?
600
What is the greatest common factor of 949 and 761609?
73
What is the greatest common divisor of 112554324 and 36?
36
What is the highest common factor of 18649659 and 129?
129
What is the greatest common factor of 6280 and 55574232?
1256
Calculate the highest common factor of 5352 and 10776.
24
What is the highest common divisor of 425070428 and 16360?
1636
What is the highest common factor of 208239 and 15621?
123
Calculate the highest common divisor of 38 and 6689311.
19
What is the highest common divisor of 2649 and 55538051?
883
Calculate the highest common divisor of 18486 and 94536.
234
What is the greatest common divisor of 769766 and 8170?
38
Calculate the highest common factor of 4566114 and 1764.
882
Calculate the highest common divisor of 11942225 and 53.
53
Calculate the greatest common divisor of 729 and 5457267.
27
Calculate the highest common divisor of 13 and 2754362871.
13
Calculate the greatest common factor of 68572115 and 70.
5
What is the highest common factor of 2390 and 3354530?
10
Calculate the greatest common factor of 17532010 and 5.
5
Calculate the greatest common divisor of 12545 and 2986482.
193
Calculate the greatest common divisor of 3628972 and 8496.
236
Calculate the greatest common divisor of 582810731 and 874.
437
What is the greatest common divisor of 588471 and 500070?
237
Calculate the greatest common divisor of 193665 and 240.
15
Calculate the greatest common factor of 413345 and 218695.
1145
Calculate the greatest common factor of 684 and 1062.
18
Calculate the highest common divisor of 2280 and 1074520680.
2280
Calculate the greatest common divisor of 868 and 41021928.
124
Calculate the greatest common factor of 84 and 10555892.
4
What is the highest common divisor of 76 and 23352425?
19
Calculate the highest common factor of 307760112 and 4114.
4114
Calculate the greatest common factor of 68598992 and 1232.
1232
What is the greatest common factor of 2184 and 12497121?
273
Calculate the greatest common divisor of 360 and 572802720.
120
Calculate the highest common factor of 10235123 and 1396.
349
Calculate the highest common divisor of 75 and 23296025.
25
Calculate the highest common divisor of 23285456 and 32.
16
What is the greatest common divisor of 140012 and 21547?
29
What is the greatest common divisor of 12835256 and 784?
392
What is the greatest common factor of 4230 and 8732835?
2115
What is the highest common factor of 8062 and 212251?
29
Calculate the highest common factor of 602386388 and 1084.
1084
What is the greatest common factor of 12383652 and 2895?
579
What is the greatest common factor of 2547986 and 5597?
193
Calculate the highest common factor of 3200 and 341550.
50
What is the greatest common divisor of 1331520 and 14634237?
4161
Calculate the highest common divisor of 413328 and 3336.
24
Calculate the greatest common divisor of 1144 and 1379257.
11
What is the greatest common factor of 5308216 and 93840?
3128
What is the greatest common divisor of 206658 and 164862?
2322
What is the highest common factor of 585 and 4185350?
65
What is the highest common divisor of 678068619 and 123?
123
What is the highest common divisor of 61142 and 76984214?
3218
What is the highest common factor of 70 and 15345330?
70
What is the highest common divisor of 10916640 and 1080?
1080
Calculate the greatest common factor of 81 and 539270487.
27
What is the highest common factor of 299 and 19970371?
23
Calculate the highest common factor of 4996 and 294196954.
2498
Calculate the highest common divisor of 37700 and 3526081.
377
Calculate the highest common divisor of 6922942 and 13806.
1534
What is the greatest common factor of 4270819 and 224?
7
Calculate the greatest common divisor of 11581 and 17427.
37
Calculate the greatest common factor of 4896 and 6471072.
288
Calculate the greatest common factor of 5750100 and 1494.
18
Calculate the highest common divisor of 188069 and 11725.
469
Calculate the highest common divisor of 44 and 450199948.
44
What is the highest common divisor of 1 and 13508423?
1
What is the greatest common factor of 1053234 and 189?
63
Calculate the highest common divisor of 220 and 4146076.
44
Calculate the highest common factor of 62344 and 14324.
4
Calculate the greatest common divisor of 1899 and 3976515.
9
What is the highest common factor of 1342 and 4137142?
122
What is the highest common divisor of 902493 and 59600?
149
Calculate the highest common factor of 5568 and 30944.
32
What is the greatest common factor of 350 and 116339650?
350
What is the highest common factor of 759 and 723603?
69
What is the highest common factor of 39288127 and 3287?
173
Calculate the highest common divisor of 14589995 and 30625.
245
What is the highest common factor of 5437298 and 518?
74
What is the greatest common factor of 10648 and 2737867?
1331
What is the highest common factor of 37 and 334548450?
37
Calculate the greatest common factor of 274574 and 36449.
127
What is the greatest common 